{"id":833,"date":"2023-03-22T13:24:51","date_gmt":"2023-03-22T13:24:51","guid":{"rendered":"https:\/\/www.zorluautomotive.com\/?post_type=product&#038;p=833"},"modified":"2025-09-28T14:36:39","modified_gmt":"2025-09-28T11:36:39","slug":"jawohl-toz-atma-pompasi","status":"publish","type":"product","link":"https:\/\/zorluautomotive.com\/index.php\/urun\/jawohl-toz-atma-pompasi\/","title":{"rendered":"Jawohl Sigara Yan\u0131k Tamiri Toz P\u00fcsk\u00fcrtme Pompas\u0131"},"content":{"rendered":"<p>Kuma\u015f d\u00f6\u015feme onar\u0131mlar\u0131nda ve farkl\u0131 alanlarda kullan\u0131lan toz p\u00fcsk\u00fcrtme pompas\u0131.<\/p>\n","protected":false},"excerpt":{"rendered":"<p>Kuma\u015f d\u00f6\u015feme onar\u0131mlar\u0131nda ve farkl\u0131 alanlarda kullan\u0131lan toz p\u00fcsk\u00fcrtme pompas\u0131.<\/p>\n","protected":false},"featured_media":1149,"template":"","meta":{"om_disable_all_campaigns":false},"product_brand":[],"product_cat":[15],"product_tag":[],"class_list":{"0":"post-833","1":"product","2":"type-product","3":"status-publish","4":"has-post-thumbnail","6":"product_cat-genel","8":"first","9":"instock","10":"taxable","11":"shipping-taxable","12":"product-type-simple"},"aioseo_notices":[],"_links":{"self":[{"href":"https:\/\/zorluautomotive.com\/index.php\/wp-json\/wp\/v2\/product\/833","targetHints":{"allow":["GET"]}}],"collection":[{"href":"https:\/\/zorluautomotive.com\/index.php\/wp-json\/wp\/v2\/product"}],"about":[{"href":"https:\/\/zorluautomotive.com\/index.php\/wp-json\/wp\/v2\/types\/product"}],"wp:featuredmedia":[{"embeddable":true,"href":"https:\/\/zorluautomotive.com\/index.php\/wp-json\/wp\/v2\/media\/1149"}],"wp:attachment":[{"href":"https:\/\/zorluautomotive.com\/index.php\/wp-json\/wp\/v2\/media?parent=833"}],"wp:term":[{"taxonomy":"product_brand","embeddable":true,"href":"https:\/\/zorluautomotive.com\/index.php\/wp-json\/wp\/v2\/product_brand?post=833"},{"taxonomy":"product_cat","embeddable":true,"href":"https:\/\/zorluautomotive.com\/index.php\/wp-json\/wp\/v2\/product_cat?post=833"},{"taxonomy":"product_tag","embeddable":true,"href":"https:\/\/zorluautomotive.com\/index.php\/wp-json\/wp\/v2\/product_tag?post=833"}],"curies":[{"name":"wp","href":"https:\/\/api.w.org\/{rel}","templated":true}]}}